 highest common divisor of n and a?
42
Suppose -4*c + 223*a = 221*a - 50, 5*c = 5*a + 55. Calculate the highest common divisor of c and 238.
14
Let f be (((-18)/(-25))/((-1440)/(-16800)))/((-3)/(-10)). Calculate the highest common factor of f and 44.
4
Let u(f) = 0 - 70*f**2 + 8*f + f**3 + 2 - 76*f**2 + 141*f**2. Let l be u(4). Calculate the greatest common divisor of 2 and l.
2
Let l be 8/16 - (-27)/6. Suppose l*u - 15 = -5*w, 5 = 4*u + 5*w - 8*w. Let d be 3*u/(-9)*-21. Calculate the greatest common divisor of d and 126.
14
Suppose -9*z + 8*z - 3000 = -6*z. Calculate the highest common divisor of 16 and z.
8
Suppose -9*m + 1373 = -3*m + y, -y - 7 = 0. What is the highest common factor of m and 9085?
115
Let a = 9912 - 8535. What is the highest common divisor of 969 and a?
51
Suppose 45*o + 86346 = 126*o. What is the greatest common factor of o and 65?
13
Let v = -60 + 74. Suppose -35 = v*o - 161. Calculate the highest common factor of o and 11.
1
Let u(n) = -4*n**3 - 115*n**2 + 19*n + 38. Let t be u(-29). Calculate the greatest common divisor of t and 410.
82
Let f be (98 + 4)/(1 + 3 - 2). Let m be (-2)/3 + (-952)/21. Let k = f + m. Calculate the highest common factor of 35 and k.
5
Let f be (-7)/(70/4) + 918/45. Let t(b) = 24*b**2 + b. Let j be t(-4). What is the greatest common divisor of f and j?
20
Let h = 4057 - 3977. Calculate the highest common factor of h and 1340.
20
Suppose -37*h + 18*h + 1168 = 54*h. What is the highest common divisor of h and 8?
8
Let n be (-36)/(-450) + (-42488)/(-150) - (-2)/(-6). What is the greatest common factor of n and 1?
1
Let m = 54 + -40. Suppose b + 1 = -2*j, 2*b - 5*j + 5 = 6*b. Let o be (2 - 8/b)/((-4)/(-560)). What is the greatest common divisor of m and o?
14
Suppose -24037 - 739388 = -117*v. Calculate the greatest common factor of v and 525.
75
Let u be 245 + -5 - (-24 + 19). Calculate the highest common factor of u and 1421.
49
Let r(v) = -62 - v - v + 8*v + 34. Let w be r(5). What is the highest common divisor of 18 and w?
2
Let l(o) = o - 31. Let p be l(31). Suppose -2*c + 86 = 5*v + 74, p = -4*c + 3*v + 76. Let y be (-2)/4 + 81/2. Calculate the highest common divisor of c and y.
8
Let c(t) = -3*t**3 - 26*t**2 + 28*t - 1. Let v be c(-10). What is the greatest common divisor of v and 34?
17
Suppose 43*t = 1611 + 5398. Calculate the highest common factor of 41 and t.
1
Let l(i) = -11*i**2 - 26*i + 23. Let m(g) = -5*g**2 - 12*g + 11. Let n(p) = 3*l(p) - 7*m(p). Let s be n(-8). Calculate the greatest common factor of s and 180.
36
Let z(v) be the second derivative of -3*v**3 + 33*v**2 - 86*v. Let s be z(-6). Calculate the highest common factor of s and 290.
58
Let j = -315 - -601. Let k be 54/(-36)*(-40)/6. Suppose -4*d - k = -114. What is the greatest common divisor of d and j?
26
Suppose -284985 - 426078 = -392*f + 23*f. What is the highest common factor of 94 and f?
47
Let u = -90 + -62. Let y = -84 - u. Calculate the greatest common factor of 34 and y.
34
Let q = -1098 + 1413. What is the greatest common factor of q and 84?
21
Let w(r) = -12 - 68*r - 5 - 6 + 15. Let l be -2*(3 + -1)/2. Let t be w(l). Calculate the highest common factor of 16 and t.
16
Suppose 4*h + 0*h + 16 = -2*b, 5*b = 3*h + 12. Let o be (1243/6)/11 - h/24. What is the highest common divisor of 1 and o?
1
Suppose 3*i + 16 = 4*i. Let r = -118 - -114. Let y be -3 + 132 + (r - (-4 - -1)). What is the greatest common factor of y and i?
16
Let t(l) = 120*l**2 + 44*l - 23. Let v be t(11). Calculate the greatest common divisor of v and 284.
71
Let g be (((-55)/60)/(9/36))/(1/(-9)). Calculate the greatest common factor of g and 8283.
33
Let f be 1008/(-12)*(-1280)/840. Suppose 9*z - 4*z = 1440. What is the highest common factor of z and f?
32
Suppose 0 = -2*o - 4 - 6. Let x be -1 - (-35)/7 - o. What is the highest common divisor of 144 and x?
9
Let i = -331 - -351. Suppose 0 = -s + 4, -3*c + i = -s + 6. What is the highest common factor of 186 and c?
6
Suppose 19*l - 344 = -67*l. Calculate the highest common factor of 324 and l.
4
Let o(f) = -f**2 - 24*f + 10. Let q be o(-24). Let n(l) = 6*l**2 - 23*l + 12. Let y be n(q). Let k = 643 - y. Calculate the greatest common divisor of k and 29.
29
Suppose 0 = -5*r - 10, 3*n - r - 2*r = -399. Let k be (-240)/n + 2/9. Suppose -5*y + 20 = 10. Calculate the highest common divisor of k and y.
2
Let o(u) = 91*u**2 - 2*u + 6. Let d be o(4). Let p = d - 563. Let i be -1 - p/(-18)*4/3. What is the highest common divisor of i and 13?
13
Let x = -1009 - -1315. Suppose 146 + 124 = 5*f. Calculate the greatest common divisor of f and x.
18
Suppose -m - a = -42, -4*a = 5*m - 95 - 112. Let q(x) = 555*x + 7779. Let t be q(-14). Calculate the highest common divisor of m and t.
3
Suppose 0 = 20*u - 14*u + 450. Let z = 78 + u. Suppose -7*s = -z*s - 36. What is the highest common divisor of 99 and s?
9
Suppose -13 = 4*k - 33, k = -3*c + 101. Calculate the highest common divisor of 30720 and c.
32
Let a = -601 - -774. Suppose -i - o + 41 = 0, 13*i - 3*o - a = 8*i. What is the greatest common divisor of 592 and i?
37
Suppose 0 = -4*q - 12, -3*q + 24 = d - 6*q. Let p be (1 - -1) + -1*d. Let j be (-23)/(-2)*(p - -15). What is the greatest common factor of 23 and j?
23
Suppose -39*v + 153291 = 251*v - 41299. What is the highest common factor of v and 220?
11
Suppose 0 = n - 2*d + 7, 27 = 5*n + d + 7. Suppose 2*p = -u + 322, n*u + p - 961 = -0*p. Calculate the highest common factor of u and 10.
10
Let d = 398 + -344. Suppose 13 = 2*j + 5*l, -5*j = -2*j - 4*l - d. What is the greatest common divisor of j and 63?
7
Let n be (-480)/10*(1 + -9). Calculate the greatest common divisor of n and 864.
96
Let a = -74 - -110. What is the greatest common divisor of a and 588?
12
Let q = 149037 + -148853. Let v be -2 + 4 - (0 + 0). Suppose 0*j - v*j = -46. Calculate the greatest common divisor of j and q.
23
Let k(m) = -7819*m + 259. Let d(w) = 391*w - 13. Let r(a) = -119*d(a) - 6*k(a). Let i be r(1). What is the greatest common divisor of i and 63?
63
Let n = 116 + -35. What is the highest common divisor of 28836 and n?
81
Suppose 5*a - 5*v + 16 = 6*a, -2*a + 11 = 3*v. Let r(o) = -4 + 7*o + 0*o - 3*o. Let j be r(3). What is the highest common factor of a and j?
1
Let o(u) = 2*u + 219. Let z be o(0). Suppose -120 = 3*b - z. Let g be ((-66)/(-8))/((-1)/(-4)). What is the highest common factor of g and b?
33
Let f(t) = 8*t**2 - 2*t + 4. Let n be f(3). Suppose -25 = 6*x - 127. Let m be (x - 3) + 1 + -5. What is the highest common divisor of m and n?
10
Let f(q) = 109*q**2 - 9*q + 7. Let a(u) = 221*u**2 - 17*u + 13. Let g(i) = -3*a(i) + 7*f(i). Let d be g(1). Calculate the highest common divisor of 28 and d.
14
Suppose -3*z - 12 = o, 18 = -246*o + 250*o + z. Suppose -2*y - 2*y + 456 = 0. What is the highest common factor of y and o?
6
Let x = -2637 + 2743. Calculate the greatest common factor of x and 3922.
106
Let j(c) = 109*c - 409. Let d be j(31). What is the greatest common factor of 220 and d?
110
Suppose -54 - 71 = 4*q + a, -2*a - 130 = 4*q. Let m = q + 39. Suppose m*y = -3*y + 396. What is the highest common divisor of y and 132?
33
Let u = 10 + -4. Let a(s) = -3*s**2 - 31*s - 9. Let r be a(-11). Let z be (-12)/3 - (4 - (-5 - r)). Calculate the greatest common divisor of u and z.
6
Suppose 0 = 6*n - 29 - 25. Suppose -14*c = -11*c + 81. Let w = 90 + c. Calculate the greatest common divisor of n and w.
9
Suppose 0 = -s + 12 - 8. Suppose -10*u = -104 + s. Calculate the greatest common divisor of 115 and u.
5
Suppose 31*d - 36 = 25*d. Let r be (d/4)/((-2)/(-60)). Calculate the highest common factor of 45 and r.
45
Let h = -291 + 343. Let m = 60 - h. Calculate the greatest common divisor of m and 184.
8
Let f = 1 + 3. Suppose -5*t - 23 = -4*y, -4*t - 4 = -6*y + 10*y. Let i be ((-30)/(f - y))/(-1). What is the highest common divisor of 9 and i?
3
Let k = -10517 - -13899. What is the highest common factor of 445 and k?
89
Let k be (-4 - -8)/((-98)/(-8232)). Calculate the highest common factor of 427 and k.
7
Let s be (-1153)/11 - 12/594*9. Let v be (-7651)/s - 22/(-165). Calculate the highest common divisor of 730 and v.
73
Let l = 10397 + -10182. Let v = 21 + 65. What is the highest common factor of v and l?
43
Let x = -16069 -